- 3. Let k = -74 + 76. Let c(o) = k*d(o) + l(o). Calculate c(-2).
1
Let f(k) = 9 - 12 + 4 - k - k**2. Suppose 0 = 3*u + 2*u, -3*r = -3*u + 9. What is f(r)?
-5
Let w be (-6)/15 - 2/(-5). Let b(n) = n**3 + 15*n**2 - 21*n - 295. Let h be b(-15). Suppose x + g + w = -1, 4*g = -h. Let z(s) = -s**2 + 3*s + 3. Give z(x).
-1
Let z(m) be the second derivative of -m**4/12 + 3*m**3 - 45*m**2/2 - 2*m - 90. Let p be z(15). Let l(b) = b**3 - b - 32. Calculate l(p).
-32
Let c(f) = f**3 - 4*f**2 - 2*f + 4. Let s = 19 + -82. Let h = -61 - s. Let t be (22/3 - 8)/(h/(-12)). Determine c(t).
-4
Let j be -2 - -8 - (43 - 33). Let f(t) = 7*t + 21. Calculate f(j).
-7
Let d(r) = -r**2 - 41*r - 311. Let w be d(-31). Let h(q) = -21*q**2 - q - 3. Give h(w).
-23
Let d(q) = q**3 + 6*q**2 + 7*q + 4. Suppose o = x - 1 - 1, 3*x = -9. Let a be 18/(-30) - (-22)/o. Let u be d(a). Let v(f) = -f. Give v(u).
6
Let a = -731 - -4. Let o = a + 731. Let l(c) = -c**2 - 3*c - 1. Determine l(o).
-29
Suppose -1768 = -5*n + 142. Let r = n + -371. Let v(y) = y - 16. Determine v(r).
-5
Let l(j) = -5 + 32 + 57*j - 50*j + 42. Let n be l(-10). Let m(v) = -13*v**2 - 1. What is m(n)?
-14
Let l(h) = h**3 - 2*h**2 + 2*h + 3. Suppose -22*n = 37*n - 69*n - 20. Determine l(n).
-17
Let t(x) = 3*x + 3. Let v(z) = -z**2 - 2*z - 3. Let h(a) = -2*a + 19. Let m be h(8). Let n be v(m). Let c = n + 16. Determine t(c).
-3
Let w(f) = -f**3 - f**2 - f - 4. Suppose 4*c + 5*c - 2*c = 0. Let k be -1 + 4 + c + 0. Suppose -6*o + k*o = 0. Calculate w(o).
-4
Let q(a) = 15*a**2 + 2565*a + 15. Let y(f) = -f**2 - 160*f - 1. Let o(t) = 2*q(t) + 33*y(t). Calculate o(-50).
-3
Let r(j) = 7*j**2 - 21*j - 24. Let m(d) = 6*d**2 - 18*d - 23. Let q(n) = 6*m(n) - 5*r(n). Determine q(-7).
52
Let y(w) be the third derivative of w**6/120 + 7*w**5/30 + 3*w**4/2 + 10*w**3/3 + 798*w**2 - 3*w - 2. What is y(-10)?
60
Let w(p) be the second derivative of 0 - 3/2*p**2 + 1/6*p**3 - 17*p. Determine w(8).
5
Suppose 8 = 27*c - 35*c. Let p(x) = 15*x**3 + 3*x**2 + 3*x + 1. Calculate p(c).
-14
Suppose -537 - 14 = 19*p. Let o(i) = 3*i**2 + 86*i - 29. What is o(p)?
0
Let u(w) = w**2 + 14*w - 80. Let y = 1190 - 1209. Give u(y).
15
Let m(j) = -15*j**2 - 150*j - 19. Let l(n) = 13*n**2 + 148*n + 18. Let z(t) = 6*l(t) + 5*m(t). Determine z(-46).
13
Let f(j) be the third derivative of -j**5/120 + 5*j**4/12 + j**3/3 + 2*j**2. Let x(t) be the first derivative of f(t). Let q = 5834 - 5834. Determine x(q).
10
Suppose -5*w = 3 + 17. Let d(k) = -k**2 + 11*k - 6. Let z be d(10). Let q(n) = -4 + 0*n + 4*n - 4*n + z*n + n**2. Give q(w).
-4
Suppose 4*v + 3*f = f + 160, -v + 4*f + 58 = 0. Let u(y) = -41 + 87 + y - v. Determine u(-3).
1
Suppose 0 = -105*f + 242*f. Let j(p) = -5*p**2 - 2*p - 11. Let m(g) = -3*g**2 - g - 6. Let h(b) = -4*j(b) + 7*m(b). Calculate h(f).
2
Let n(b) = -b**3 - b**2 + 2*b. Suppose -13*y = 11*y - 792. Suppose -66 = 11*a - y. What is n(a)?
12
Let d(j) = j**2 + 10*j - 35. Let q(f) = 21*f + 633. Let z be q(-30). Give d(z).
4
Let n(r) = -23 + 0 + 17*r - 7*r + 6*r + 6. What is n(5)?
63
Let c(b) = b**2 + 7*b + 7. Let t(o) = -o. Let a(v) = c(v) - 2*t(v). Suppose -h + 1 = r, -4*h - 58*r - 6 = -56*r. Give a(h).
-13
Let a(r) = 4*r**3 - 1. Let v(f) = 19*f**3 + 20*f**2 + 20*f + 7. Let c(o) = 5*a(o) - v(o). Determine c(21).
9
Suppose -21*t + 22 + 22 = -19. Let i(u) = u - 1. Calculate i(t).
2
Let n = 501 + -504. Let x be 3 - -7 - n*20/(-12). Let z(i) = -i**2 + 4*i - 4. What is z(x)?
-9
Let d(v) = -7*v**2 - 3*v - 10. Let h(a) = -4*a**2 - a - 5. Suppose -14*b - 38 = 32. Let r(x) = b*h(x) + 3*d(x). What is r(-3)?
-2
Let d be 4/2 - 1*-1. Suppose d - 53 = 5*h. Let z(j) = -64*j - 13. Let w(k) = -27*k - 6. Let s(v) = -19*w(v) + 8*z(v). Give s(h).
0
Let h be -5*(-6)/(-75) + (-5)/((-125)/(-40)). Let s(j) = -3*j - 22. Give s(h).
-16
Let s(t) = -t**3 - 6*t**2 + t + 7. Let f(j) = -j**3 - j**2 + 19*j - 27. Let r be f(3). Determine s(r).
1
Let g(i) be the third derivative of i**6/120 + i**5/15 - i**4/24 - 5*i**3/6 - i**2. Let k be 22/(-6) - 8/(-9)*15/(-10). Determine g(k).
-25
Let y(z) = -z - 5. Suppose 3*i + 2*w = -136, -2*w = -5*i - 7*w - 235. Let n be ((i/4)/(-3) - 1)*14. Suppose n = 21*g - 26*g. What is y(g)?
2
Let k be ((-28)/(-35))/((-2)/(-5)). Let m(h) be the first derivative of h**3/6 - h**2/2 + 172*h - 57. Let d(f) be the first derivative of m(f). Calculate d(k).
1
Let v(o) = -8*o + 2. Let l(a) = 9*a - 1. Let c(b) = -4*l(b) - 5*v(b). Let i(s) = s + 3. Let m(r) = -c(r) + 3*i(r). What is m(8)?
7
Let k(n) = -n**2 + 4*n + 6. Suppose 111*a - 526 = 29. What is k(a)?
1
Let j(h) be the third derivative of -5*h**4/12 + 3*h**3 + 8*h**2 - h. What is j(7)?
-52
Let t(s) = s + 1. Let k be 699/10 + 3 + (-5)/(-50). Suppose -2*b - 102 = 32. Let m = b + k. Calculate t(m).
7
Let l = -119 - -130. Let d(h) = -19 - h + l + 7. Determine d(-5).
4
Let q(o) = 82*o**3 - 6*o**2 + 22*o + 22. Let x(h) = -16*h**3 + h**2 - 4*h - 4. Let v(z) = 2*q(z) + 11*x(z). What is v(-1)?
11
Let g(t) = 104 + 100 + 40 + 4*t - 228. Let k(r) = r**3 + r**2 + 2*r + 3. Let p be k(-2). Calculate g(p).
-4
Let a(y) = -y**3 - 4*y**2 + y + 4. Suppose -10*j - 109 = -409. Let f = j - 34. What is a(f)?
0
Let s(o) be the first derivative of -11*o**2/2 + 4*o + 1233. What is s(8)?
-84
Suppose 5*y + 15 = 2*y. Let w be ((-12)/(-10))/((-26)/(-65)). Let t(o) = w - 4 - 9 - 2*o + 8. Calculate t(y).
8
Let d = 5237 + -5245. Let x(q) = -q - 19. What is x(d)?
-11
Let x(i) be the third derivative of i**6/120 + 17*i**5/30 + 3*i**4/2 + 33*i**3/2 + 3317*i**2. Determine x(-33).
0
Let f = 304 + -123. Suppose f*z - 187*z - 42 = 0. Let o(u) = -u**3 - 8*u**2 - 7*u - 6. Give o(z).
-6
Let c(z) be the first derivative of z**5/12 + z**4/12 - z**3/6 + 21*z**2/2 - 47. Let m(f) be the second derivative of c(f). Give m(1).
6
Let m(y) = 754*y - 51269. Let g be m(68). Let r(j) = j**2 - j. Let n(u) = -5*u**2 + 8*u - 4. Let w(k) = n(k) + 6*r(k). Calculate w(g).
11
Let g(c) = c**3 - 11*c**2 + 13*c + 49. Let x be 18/(5 - (5 - -25)/10). Determine g(x).
4
Let k(u) = 76*u**3 - 223*u**3 + 13*u**2 - 18 + 69*u**3 + 34*u + 79*u**3. Give k(-9).
0
Let o = -1219 - -1205. Let b(g) = -g**2 - 11*g + 43. Calculate b(o).
1
Let t be 6/(-4) + (-4)/40*5. Let s be t - (-8 - (4 - 4)). Let j(f) = 3*f - 24. Determine j(s).
-6
Let t(a) be the second derivative of -a**6/720 - a**5/60 - 11*a**4/12 - a**3/6 - 58*a. Let p(z) be the third derivative of t(z). Calculate p(-2).
0
Suppose 5*o - 81 + 95 = 3*u, 6*o + 9 = u. Let z(w) be the second derivative of 0 - 3*w + 1/6*w**u - 1/20*w**5 - 5/12*w**4 - 3/2*w**2. Calculate z(-5).
-8
Let n(g) = -11*g**2 + 4*g - 49. Let w(t) = -31*t**2 + 11*t - 139. Let h(f) = -17*n(f) + 6*w(f). Suppose 13 + 22 = 5*v. Let k = 11 - v. What is h(k)?
7
Let j(z) be the third derivative of -71*z**4/24 - 61*z**3/6 - 4641*z**2. Calculate j(-1).
10
Let k be 3*(-8)/6 + 7. Let p = 8 - k. Suppose 3*d = p*d + 14. Let b(f) = f + 2. Determine b(d).
-5
Let z(u) = 7*u**3. Suppose q = 1 - 0. Let v be z(q). Let p(k) be the third derivative of -k**4/6 + 7*k**3/6 + 2498*k**2 + k. Determine p(v).
-21
Let j = -655 + 646. Let a(z) = z**2 + z - 2. Let n(w) = -2*w**2 - 3*w + 3. Let v(b) = j*a(b) - 4*n(b). Calculate v(5).
-4
Let r = -3105 + 3119. Let q(f) = -8*f + 80. What is q(r)?
-32
Let x(t) = t + 68. Suppose 4*f - 80 = 3*y - 0*y, 78 = -3*y + 3*f. Let d be x(y). Let c = -45 + d. Let n(k) = 13*k - 1. What is n(c)?
-14
Let q(a) = -5*a**2 - 9*a + 4. Let b = 38 + -27. Let t(y) = 14*y**2 + 26*y - 12. Let i(c) = b*q(c) + 4*t(c). Let o be (12 + 3450/(-275))/(3/33). Give i(o).
2
Let l(b) = b - 1. Let m(c) = -6*c + 7. Let p(z) = 4*l(z) + m(z). Suppose 4*u - 4 = 5*u, 3*x + 28 = 2*u. Let q = x - -18. What is p(q)?
-9
Let d(w) be the second derivative of -w**5/20 + 25*w**4/12 + w**3/6 - 14*w**2 + 220*w + 1. What is d(25)?
-3
Let v(u) = 12*u - 5. Let s(j) = -41*j + 18. Let r(f) = -6*s(f) - 21*v(f). Determine r(-7).
39
Suppose 3*c - 2172 = m - 2183, 3*c - 4*m = -17. Let h(a) = 6*a + 22. Calculate h(c).
4
Let m(r) = -2991*r**2 - 64 + 1568*r**2 + 16*r + 1422*r**2. Give m(19).
-121
Suppose -26*g + 76959 = 25*g. Suppose 6*c = 1491 - g. Let q(m) = -m**3 - m**2 - 3*m + 1. Determine q(c).
28
Let k(h) = -17*h - 2*h**2 + 3*h**3 - 365 + h + 379 + h - 2*h**3. Determine k(4).
-14
Let b(w) = 7*w**3 + 10